 - 25. What is the units digit of w?
3
Let a(j) = 6*j + 135. Let x be a(-26). Let l(c) = -37*c - 93. What is the tens digit of l(x)?
8
Suppose 70841 + 8867 = 3*o + 5*l, -53155 = -2*o - l. What is the ten thousands digit of o?
2
Suppose -4*i = 3*n - 1391, -5*i - 1896 = -5*n + n. Let b = n - -78. What is the tens digit of b?
4
Let i(q) be the first derivative of q**3/3 + 42*q - 96. What is the units digit of i(7)?
1
Suppose 3*r + 3*a = 1023, 1356 = -r + 5*r + 2*a. Let h = r - 138. What is the units digit of h?
9
Let x = -3823 - -7135. Suppose -10*s - x = -4*g - 12*s, 0 = 5*g + s - 4140. What is the units digit of g?
8
What is the units digit of (101889/(-81) - -5)/(4/(-18))?
8
Let b(z) = z**3 + 15*z**2 - 12*z + 15. Let a be b(-16). Let w = a + 49. Suppose w = -3*y - 32 + 53. What is the units digit of y?
7
Suppose 3*z + 30 = 2*a, 5*z = 2*z. Suppose a*b = b + 9198. What is the units digit of b?
7
Suppose -765794 - 605610 = -167*p. What is the thousands digit of p?
8
Suppose 0*o - 2*f = -5*o + 58, -5*f = -5*o + 70. Suppose 0 = -o*l + 4485 - 1275. What is the hundreds digit of l?
3
Let j(d) = -3828*d + 6591. What is the ten thousands digit of j(-11)?
4
Let b(o) = 2*o**2 - 32*o + 4. Let k(x) = x**2 - 16*x + 2. Let m(v) = -4*b(v) + 9*k(v). Let h be m(16). Suppose -47 = h*a - 175. What is the units digit of a?
4
Suppose 50*l - 622280 = 3*l. What is the thousands digit of l?
3
Suppose 0 = -5*z + i + 43, 3*z - 4*i - 14 - 22 = 0. Suppose 3*q + 2*s + 377 = 0, -z*q - 630 = -3*q + 5*s. Let n = -16 - q. What is the tens digit of n?
0
Let y be (-2)/((-4)/22) - (-1 - -2). Let g be 0*(1 + 0 - y/8). Suppose g = -c - 18 + 19. What is the units digit of c?
1
Suppose -4*v + 65148 = 2*s - 47070, 0 = -2*v - 2*s + 56104. What is the hundreds digit of v?
0
Let z = 149 + -147. Suppose -2 = -2*n, -z*o + n = 3*n. Let h(c) = -241*c - 9. What is the units digit of h(o)?
2
Suppose 1019 = -8*y + 6851. Let n = -383 + y. What is the units digit of n?
6
Let c be 74/(-185) + 88823/(-5). What is the tens digit of ((-4)/14)/(-1) - c/77?
3
Suppose 2*h = -14, 16*h = -3*i + 20*h + 74620. What is the ten thousands digit of i?
2
Suppose -17*t + 4176 = -5*t. Suppose 2*s - 648 - t = 0. What is the hundreds digit of s?
4
Suppose 0 = -2*j + 2 - 0. Suppose -j = -19*z + 18*z. What is the tens digit of 9/2*10/z?
4
Let g = 225996 - 157893. What is the tens digit of g?
0
Let l be (2 + 0)/(-4)*-4. Suppose 2*i + 352 = 3*u, 5*u + l*i = -3*i + 620. What is the hundreds digit of u + 1 + -1 - (14 - 12)?
1
Let p(o) = -2363*o - 2309. What is the units digit of p(-5)?
6
Let u = 38667 + -12639. What is the ten thousands digit of u?
2
Suppose 5*i - 58700 = -3*f - 13670, 4*i = 12. What is the thousands digit of f?
5
Suppose -56*b - 5863 = 87*b. Suppose -173 = 2*o - 495. Let g = o + b. What is the hundreds digit of g?
1
Let h(r) = 68*r**2 + 326*r - 176. What is the units digit of h(14)?
6
What is the hundreds digit of 79161/9 - 2 - 32/48?
7
What is the hundreds digit of -5 + (-80730)/(-12) - (27/(-6))/9?
7
Suppose -25*s = -30*s + 50. Suppose s*b - 1441 = -51. What is the units digit of b?
9
Let h(m) = m**2 - 5*m + 13. Let q be h(2). Let v be (-10 + q)/((-1)/1). Suppose -z = -2*i + 363, 547 = v*i - 5*z + z. What is the hundreds digit of i?
1
Let f be ((-5)/(-1))/(60/72). What is the units digit of (-50*f/(-5))/((-2)/(-6))?
0
Let c(a) = 2*a**2 + 25*a + 930. What is the tens digit of c(34)?
9
Suppose -17*o + 392 = -3*o. Suppose -o*a = -25*a. Suppose 5*g - 238 - 647 = a. What is the hundreds digit of g?
1
Let z = -421 - -772. Suppose -8*v + z = -4*v - 3*w, -232 = -3*v - 4*w. What is the units digit of v?
4
Let h(i) = 24*i**2 + 13*i + 480. What is the tens digit of h(-18)?
2
Suppose 156*l = 804140 - 218672. What is the units digit of l?
3
Suppose 0 = -132*b - 66*b + 1008974 + 1537108. What is the thousands digit of b?
2
Let o = 232 - 227. What is the units digit of 984/54 - o/(45/2)?
8
Let h(i) = 3*i**2 - 4*i - 5. Let b be h(-1). Suppose 5*n - 386 = -3*m, -b*n - 35 = -5*m + 598. What is the hundreds digit of m?
1
Suppose -4*y = 4*t - 72, -3*t - 10 = -25. Suppose 32*k = y*k + 14839. What is the units digit of k?
1
Suppose 140*t = 127*t + 64844. What is the hundreds digit of t?
9
Let t = -17045 - -23384. What is the thousands digit of t?
6
Let p = 6307 - -4088. What is the thousands digit of p?
0
Let t(d) = 292*d - 497. What is the hundreds digit of t(9)?
1
Let a(s) = 2*s - 37. Suppose -2*l + 84 = 2*l + 2*u, 2*u = -3*l + 64. Let t be a(l). What is the units digit of (43*(-4)/12)/((-1)/t)?
3
Let l(p) = 7*p**2 - 5*p - 6. Let g = -36 - -35. Let r be l(g). Suppose r*b - 12*b + 984 = 0. What is the hundreds digit of b?
1
Suppose 235814 - 438291 - 283085 = -42*w. What is the units digit of w?
1
Suppose 2*j - 12 = b - 2*b, 3*b - 31 = -5*j. Let y(p) = 3*p**3 + 0*p + 4*p**2 + 3*p - 3*p**b + 3*p. What is the tens digit of y(3)?
0
Suppose -5*q + 108 = -w - 51, -151 = -5*q - w. Let s = q + -30. Let t(d) = 134*d. What is the tens digit of t(s)?
3
Let d(q) = -1498*q**3 + 5*q**2 + 4*q - 2. What is the tens digit of d(-3)?
7
Suppose 6*n + 1 = 55. Let k(p) = -14 - p + p**3 - 2*p**3 + n*p + 8*p**2. What is the tens digit of k(7)?
9
Let y(w) = 2814*w**3 - 4*w**2 + 4*w - 4. Let b be y(2). Let s be b/140 - (8/(-14))/2. Let l = s - -33. What is the hundreds digit of l?
1
Let c be 4 + -5 - ((-9)/(-1))/3. What is the units digit of -6*1374/(-18) - c/(-1)?
4
Let u(a) = a**3 - a**2 + 5*a - 31. Let n be u(3). Suppose d + 2*f - n = 50, 4*f = -5*d + 284. What is the tens digit of d?
6
Let y = -289 - 199. What is the hundreds digit of 6 + 4 + (2 - y)?
5
Let v(l) be the third derivative of 97*l**4/24 - 2*l**3 - 18*l**2. Let g be v(4). What is the tens digit of g/11 + 2/(-11)?
3
Let f = -246 + 784. Let z = -499 + f. What is the tens digit of z?
3
Suppose -5*f + 15 = 3*c, 5*f - 2*c + 10 = -0*c. Suppose f = -0*r - 4*r - p + 2317, r + 5*p - 603 = 0. What is the units digit of r?
8
Suppose -2*m + 4*n + 274 = 0, -m - 141 = -2*m + 3*n. Let g = m + 117. What is the units digit of g?
6
Suppose -6*c = -16 - 8. Let i(m) = m**2 - 3*m + 2. Let t be i(c). Suppose -110 = l - t*l. What is the tens digit of l?
2
Suppose -4*h + 4*q = -160264, 12*h - 4*q - 40084 = 11*h. What is the hundreds digit of h?
0
Let v(m) = -330*m**2 - 22*m - 22. Let x be v(-1). Let q = 587 + x. What is the tens digit of q?
5
Suppose -4*a + 16002 = -1222. What is the tens digit of a?
0
Suppose -8*m + 4*m + 3*p = -83356, 0 = -2*p + 4*p. What is the ten thousands digit of m?
2
Let l = 293 + -291. Suppose -376 = -5*b + 3*a, -l*a = 5*b - 568 + 177. What is the tens digit of b?
7
What is the thousands digit of 93420/8 + 8 - 1/(-2)?
1
Suppose -123*l - 37*l + 1674240 = 0. What is the thousands digit of l?
0
Suppose -3*u - 12 = 0, 2*u - 9 - 16 = -3*x. Let b = x + -11. Suppose -d - 4*p + 7 = b, 3*p - 66 = -4*d + d. What is the tens digit of d?
2
Suppose -401458 = -25*p + 747942. What is the units digit of p?
6
Let r = 23 - 92. Let g = r - -76. Let h(z) = z**2 + 2*z + 4. What is the tens digit of h(g)?
6
Suppose -3*h + 134 + 2428 = 0. Let v = 1233 - h. What is the tens digit of v?
7
Let h = 113 - 64. Let m(a) = -25*a**2 + a - 2. Let x be m(1). Let z = h + x. What is the units digit of z?
3
Suppose -30*g = -24*g - 426. Suppose -3*a + 406 = -g. What is the tens digit of a?
5
Let w(u) = 98*u**2 - 14*u - 33. Let i be w(-4). Let l = 2775 - i. What is the tens digit of l?
8
Let u(o) = -19*o**3 - 3*o**2 - 5*o + 20. What is the thousands digit of u(-8)?
9
Let w(d) = 286*d + 2464. What is the tens digit of w(-8)?
7
Let v be -19*(5 - (9 + -11)). What is the units digit of (-19)/(v/(-42))*(-16 - 4)?
0
What is the units digit of (-303)/((-164)/(-28) + -6)?
1
Let k(g) = 70*g**2 + 14*g - 68. What is the thousands digit of k(6)?
2
Suppose 21*c - 99246 = 4*c. What is the units digit of c?
8
Let i = 160462 - 108259. What is the hundreds digit of i?
2
What is the hundreds digit of (-3)/((144/(-23544))/((-260)/(-6)))?
2
Suppose -58648 = 72*r - 74*r - 4*j, -2*j = 12. What is the units digit of r?
6
Suppose -2*q + 186817 = 3*u, 8*u - 6*u = q - 93405. What is the tens digit of q?
0
Let p(n) be the second derivative of -5*n**3/6 + 55*n**2/2 + 22*n. Let c be p(-6). What is the tens digit of 101 + ((-3)/12 - c/(-20))?
